{"id":16,"date":"2013-09-04T13:02:21","date_gmt":"2013-09-04T11:02:21","guid":{"rendered":"http:\/\/www.badminton-in-treysa.de\/?page_id=16"},"modified":"2013-09-04T13:17:56","modified_gmt":"2013-09-04T11:17:56","slug":"gaestebuch","status":"publish","type":"page","link":"https:\/\/www.badminton-in-treysa.de\/?page_id=16","title":{"rendered":"G\u00e4stebuch"},"content":{"rendered":"<p>Hier findest du unser G\u00e4stebuch.<br \/>\nDie ersten Eintr\u00e4ge sind aus dem Jahr 2001<\/p>\n<p><a href=\"http:\/\/239848.guestbook.onetwomax.de\/\" target=\"_blank\">G\u00e4stebuch<\/a><\/p>\n","protected":false},"excerpt":{"rendered":"<p>Hier findest du unser G\u00e4stebuch. Die ersten Eintr\u00e4ge sind aus dem Jahr 2001 G\u00e4stebuch<\/p>\n","protected":false},"author":1,"featured_media":0,"parent":0,"menu_order":50,"comment_status":"open","ping_status":"open","template":"","meta":{"footnotes":""},"class_list":["post-16","page","type-page","status-publish","hentry"],"_links":{"self":[{"href":"https:\/\/www.badminton-in-treysa.de\/index.php?rest_route=\/wp\/v2\/pages\/16","targetHints":{"allow":["GET"]}}],"collection":[{"href":"https:\/\/www.badminton-in-treysa.de\/index.php?rest_route=\/wp\/v2\/pages"}],"about":[{"href":"https:\/\/www.badminton-in-treysa.de\/index.php?rest_route=\/wp\/v2\/types\/page"}],"author":[{"embeddable":true,"href":"https:\/\/www.badminton-in-treysa.de\/index.php?rest_route=\/wp\/v2\/users\/1"}],"replies":[{"embeddable":true,"href":"https:\/\/www.badminton-in-treysa.de\/index.php?rest_route=%2Fwp%2Fv2%2Fcomments&post=16"}],"version-history":[{"count":3,"href":"https:\/\/www.badminton-in-treysa.de\/index.php?rest_route=\/wp\/v2\/pages\/16\/revisions"}],"predecessor-version":[{"id":29,"href":"https:\/\/www.badminton-in-treysa.de\/index.php?rest_route=\/wp\/v2\/pages\/16\/revisions\/29"}],"wp:attachment":[{"href":"https:\/\/www.badminton-in-treysa.de\/index.php?rest_route=%2Fwp%2Fv2%2Fmedia&parent=16"}],"curies":[{"name":"wp","href":"https:\/\/api.w.org\/{rel}","templated":true}]}}